{"id":1046,"date":"2024-04-15T18:49:12","date_gmt":"2024-04-15T16:49:12","guid":{"rendered":"https:\/\/athle92.fr\/?page_id=1046"},"modified":"2024-04-28T08:27:27","modified_gmt":"2024-04-28T06:27:27","slug":"tombola-2024-de-lathle-92","status":"publish","type":"page","link":"https:\/\/athle92.fr\/?page_id=1046","title":{"rendered":"Tombola 2024 de l&rsquo;Athl\u00e9 92"},"content":{"rendered":"\n<p class=\"has-vivid-cyan-blue-color has-text-color\"><strong>Pr\u00e9sentation<\/strong><\/p>\n\n\n\n<p>Un enjeu important pour l\u2019Athl\u00e9 92 est la participation aux&nbsp;<strong>Championnats de France des Clubs (Interclubs)<\/strong>qui se d\u00e9roule tous les ans au mois de mai. Gr\u00e2ce au travail collectif des athl\u00e8tes, des entra\u00eeneurs et des encadrants, nous avons pu progresser et atteindre le niveau national 1 B.&nbsp;<\/p>\n\n\n\n<p>Cette progression implique de rencontrer des \u00e9quipes d\u2019un niveau plus \u00e9lev\u00e9 et g\u00e9ographiquement plus \u00e9loign\u00e9es sur le territoire fran\u00e7ais. Ainsi, en mai 2024, nous devrons organiser un d\u00e9placement sur un week-end de pr\u00e8s de 70 personnes \u00e0 Saint-Etienne.\u00a0Afin de financer les Interclubs, nous avons d\u00e9cid\u00e9\u00a0<strong>d\u2019organiser une Tombola<\/strong>\u00a0qui se d\u00e9roule du 26 avril au 31 mai 2024 aupr\u00e8s de nos adh\u00e9rents et de leur entourage.<\/p>\n\n\n\n<p class=\"has-vivid-cyan-blue-color has-text-color\"><strong>Planning<\/strong><\/p>\n\n\n\n<p>A partir du 26 avril : Distribution aupr\u00e8s des adh\u00e9rents de l&rsquo;Athl\u00e9 92 des carnets dans chaque section<\/p>\n\n\n\n<p>Du 26 avril au 31 mai 2024: P\u00e9riode de vente des tickets<\/p>\n\n\n\n<p>Les tickets sont \u00e0 restituer au plus tard le 31 mai aupr\u00e8s des entraineurs ou des dirigeants. <\/p>\n\n\n\n<p>Vendredi 14 juin : Date de tirage au sort lors du meeting de l&rsquo;Athl\u00e9 92 au Parc des Sports du Plessis-Robinson.<\/p>\n\n\n\n<p class=\"has-vivid-cyan-blue-color has-text-color\"><strong>Liste des lots<\/strong><\/p>\n\n\n\n<div class=\"wp-block-columns is-layout-flex wp-container-core-columns-is-layout-9d6595d7 wp-block-columns-is-layout-flex\">\n<div class=\"wp-block-column is-layout-flow wp-block-column-is-layout-flow\">\n<figure class=\"wp-block-image size-large\"><img loading=\"lazy\" decoding=\"async\" width=\"810\" height=\"810\" src=\"https:\/\/athle92.fr\/wp-content\/uploads\/2024\/04\/Lot-1-1.jpg\" alt=\"\" class=\"wp-image-1050\" srcset=\"https:\/\/athle92.fr\/wp-content\/uploads\/2024\/04\/Lot-1-1.jpg 810w, https:\/\/athle92.fr\/wp-content\/uploads\/2024\/04\/Lot-1-1-300x300.jpg 300w, https:\/\/athle92.fr\/wp-content\/uploads\/2024\/04\/Lot-1-1-150x150.jpg 150w, https:\/\/athle92.fr\/wp-content\/uploads\/2024\/04\/Lot-1-1-768x768.jpg 768w\" sizes=\"auto, (max-width: 810px) 100vw, 810px\" \/><\/figure>\n\n\n\n<figure class=\"wp-block-image size-large\"><img loading=\"lazy\" decoding=\"async\" width=\"810\" height=\"810\" src=\"https:\/\/athle92.fr\/wp-content\/uploads\/2024\/04\/Lot-4.jpg\" alt=\"\" class=\"wp-image-1054\" srcset=\"https:\/\/athle92.fr\/wp-content\/uploads\/2024\/04\/Lot-4.jpg 810w, https:\/\/athle92.fr\/wp-content\/uploads\/2024\/04\/Lot-4-300x300.jpg 300w, https:\/\/athle92.fr\/wp-content\/uploads\/2024\/04\/Lot-4-150x150.jpg 150w, https:\/\/athle92.fr\/wp-content\/uploads\/2024\/04\/Lot-4-768x768.jpg 768w\" sizes=\"auto, (max-width: 810px) 100vw, 810px\" \/><\/figure>\n<\/div>\n\n\n\n<div class=\"wp-block-column is-layout-flow wp-block-column-is-layout-flow\">\n<figure class=\"wp-block-image size-large\"><img loading=\"lazy\" decoding=\"async\" width=\"810\" height=\"810\" src=\"https:\/\/athle92.fr\/wp-content\/uploads\/2024\/04\/Lot-2.jpg\" alt=\"\" class=\"wp-image-1051\" srcset=\"https:\/\/athle92.fr\/wp-content\/uploads\/2024\/04\/Lot-2.jpg 810w, https:\/\/athle92.fr\/wp-content\/uploads\/2024\/04\/Lot-2-300x300.jpg 300w, https:\/\/athle92.fr\/wp-content\/uploads\/2024\/04\/Lot-2-150x150.jpg 150w, https:\/\/athle92.fr\/wp-content\/uploads\/2024\/04\/Lot-2-768x768.jpg 768w\" sizes=\"auto, (max-width: 810px) 100vw, 810px\" \/><\/figure>\n\n\n\n<figure class=\"wp-block-image size-large\"><img loading=\"lazy\" decoding=\"async\" width=\"810\" height=\"810\" src=\"https:\/\/athle92.fr\/wp-content\/uploads\/2024\/04\/Lot-5.jpg\" alt=\"\" class=\"wp-image-1055\" srcset=\"https:\/\/athle92.fr\/wp-content\/uploads\/2024\/04\/Lot-5.jpg 810w, https:\/\/athle92.fr\/wp-content\/uploads\/2024\/04\/Lot-5-300x300.jpg 300w, https:\/\/athle92.fr\/wp-content\/uploads\/2024\/04\/Lot-5-150x150.jpg 150w, https:\/\/athle92.fr\/wp-content\/uploads\/2024\/04\/Lot-5-768x768.jpg 768w\" sizes=\"auto, (max-width: 810px) 100vw, 810px\" \/><\/figure>\n<\/div>\n\n\n\n<div class=\"wp-block-column is-layout-flow wp-block-column-is-layout-flow\">\n<figure class=\"wp-block-image size-large\"><img loading=\"lazy\" decoding=\"async\" width=\"810\" height=\"810\" src=\"https:\/\/athle92.fr\/wp-content\/uploads\/2024\/04\/Lot-3.jpg\" alt=\"\" class=\"wp-image-1052\" srcset=\"https:\/\/athle92.fr\/wp-content\/uploads\/2024\/04\/Lot-3.jpg 810w, https:\/\/athle92.fr\/wp-content\/uploads\/2024\/04\/Lot-3-300x300.jpg 300w, https:\/\/athle92.fr\/wp-content\/uploads\/2024\/04\/Lot-3-150x150.jpg 150w, https:\/\/athle92.fr\/wp-content\/uploads\/2024\/04\/Lot-3-768x768.jpg 768w\" sizes=\"auto, (max-width: 810px) 100vw, 810px\" \/><\/figure>\n<\/div>\n<\/div>\n\n\n\n<p class=\"has-vivid-cyan-blue-color has-text-color\"><strong>Les responsables de la tombola<\/strong><\/p>\n\n\n\n<div class=\"wp-block-columns is-layout-flex wp-container-core-columns-is-layout-9d6595d7 wp-block-columns-is-layout-flex\">\n<div class=\"wp-block-column is-layout-flow wp-block-column-is-layout-flow\"><\/div>\n\n\n\n<div class=\"wp-block-column is-layout-flow wp-block-column-is-layout-flow\">\n<figure class=\"wp-block-image size-large\"><img loading=\"lazy\" decoding=\"async\" width=\"1024\" height=\"1024\" src=\"https:\/\/athle92.fr\/wp-content\/uploads\/2024\/04\/Responsables-sections-2-1024x1024.jpg\" alt=\"\" class=\"wp-image-1067\" srcset=\"https:\/\/athle92.fr\/wp-content\/uploads\/2024\/04\/Responsables-sections-2-1024x1024.jpg 1024w, https:\/\/athle92.fr\/wp-content\/uploads\/2024\/04\/Responsables-sections-2-300x300.jpg 300w, https:\/\/athle92.fr\/wp-content\/uploads\/2024\/04\/Responsables-sections-2-150x150.jpg 150w, https:\/\/athle92.fr\/wp-content\/uploads\/2024\/04\/Responsables-sections-2-768x768.jpg 768w, https:\/\/athle92.fr\/wp-content\/uploads\/2024\/04\/Responsables-sections-2.jpg 1080w\" sizes=\"auto, (max-width: 1024px) 100vw, 1024px\" \/><\/figure>\n<\/div>\n\n\n\n<div class=\"wp-block-column is-layout-flow wp-block-column-is-layout-flow\"><\/div>\n<\/div>\n\n\n\n<p><\/p>\n\n\n\n<p class=\"has-vivid-cyan-blue-color has-text-color\"><strong>R\u00e9glement<\/strong><\/p>\n\n\n\n<p><strong>R\u00e8glement de la Tombola Athl\u00e9 92 2024<\/strong><\/p>\n\n\n\n<p><strong>Article 1 : Organisateur<\/strong>&nbsp;La tombola \u00ab\u00a0Athl\u00e9 92\u00a0\u00bb est organis\u00e9e par l\u2019Entente Athl\u00e9 92, domicili\u00e9(e) \u00e0 Maison des Sports, Place Jules Hunebelle, 92140 Clamart.&nbsp;<\/p>\n\n\n\n<p><strong>Article 2 : Dur\u00e9e<\/strong>\u00a0La tombola se d\u00e9roulera du 26 avril\u00a0au 31 mai 2024.<\/p>\n\n\n\n<p><strong>Article 3 : Participants<\/strong>&nbsp;La participation \u00e0 la tombola est ouverte \u00e0 toute personne physique majeure, ou mineure avec autorisation du tuteur l\u00e9gal r\u00e9sidant en France m\u00e9tropolitaine.&nbsp;<\/p>\n\n\n\n<p>Toute personne ayant achet\u00e9 au moins un billet de tombola aupr\u00e8s d\u2019un des adh\u00e9rents de l\u2019entente Athl\u00e9 92 et de ses sections locales peut participer \u00e0 la tombola.&nbsp;<\/p>\n\n\n\n<p>Les responsables d\u00e9sign\u00e9s de l&rsquo;organisateur de la tombola ne sont pas autoris\u00e9s \u00e0 participer.<\/p>\n\n\n\n<p><strong>Article 4 : Modalit\u00e9s de participation<\/strong>&nbsp;Pour participer \u00e0 la tombola, les participants doivent acheter un billet de tombola au prix de deux euros. Les billets seront vendus par les licenci\u00e9s de l\u2019Athl\u00e9 92 \u00e0 Clamart, Fontenay-aux-Roses, Nanterre, Le Plessis-Robinson et Suresnes pendant toute la dur\u00e9e de la tombola. Chaque billet achet\u00e9 donne droit \u00e0 une participation \u00e0 la tombola.<\/p>\n\n\n\n<p>10 000 billets seront mis en vente par l\u2019Athl\u00e9 92. Il n\u2019y a pas de limite d\u2019achat par participant.&nbsp;<\/p>\n\n\n\n<p>En cas de triche av\u00e9r\u00e9e, le participant sera imm\u00e9diatement \u00e9limin\u00e9.&nbsp;<\/p>\n\n\n\n<p><strong>Article 5 : Tirage au sort<\/strong>&nbsp;Le tirage au sort aura lieu le 14 juin 2024 \u00e0 Parc des Sports du Plessis-Robinson. Le tirage sera effectu\u00e9 en pr\u00e9sence du pr\u00e9sident de l\u2019Athl\u00e9 92, M. Philippe TEDO et plusieurs t\u00e9moins pour attester de sa conformit\u00e9 et de son bon d\u00e9roul\u00e9.<\/p>\n\n\n\n<p>Un lot ne peut \u00eatre attribu\u00e9 qu\u2019\u00e0 un seul gagnant. Si les informations inscrites sur le bon de participation ne permettent pas clairement de d\u00e9signer et contacter le gagnant, le bon sera consid\u00e9r\u00e9 comme nul et un nouveau tirage sera r\u00e9alis\u00e9 pour d\u00e9terminer le gagnant du lot.<\/p>\n\n\n\n<p><strong>Article 6 : Lots<\/strong>\u00a0Les lots \u00e0 gagner sont les suivants : 1er prix : Console Nintendo Switch, 2\u00e8me prix : Montre Garmin Forerunner 55, 3\u00e8me prix : Repas gastronomique pour 2 personnes, 4\u00e8me prix\u00a0: Hoddy Athl\u00e9 92 Le Coq Sportif, 5\u00e8me prix\u00a0: Maillot de l\u2019\u00e9quipe de France d\u2019Athl\u00e9tisme.<\/p>\n\n\n\n<p>En marge du tirage au sort, un concours des meilleurs vendeurs du club est organis\u00e9. Les deux meilleurs vendeurs de chacune des sections seront identifi\u00e9s et se verront offrir le surv\u00eatement Le Coq Sportif de l&rsquo;Athl\u00e9 92. <\/p>\n\n\n\n<p><strong>Article 7 : Communication des gagnants<\/strong>&nbsp;La liste des gagnants sera communiqu\u00e9e que le site internet&nbsp;<a href=\"http:\/\/www.athle92.fr\/\">www.athle92.fr<\/a>&nbsp;dans les 2 jours suivant le tirage au sort. Les gagnants seront \u00e9galement contact\u00e9s par mail ou par t\u00e9l\u00e9phone.&nbsp;<\/p>\n\n\n\n<p><strong>Article 8 : Remise des lots<\/strong>&nbsp;Les lots seront remis aux gagnants en personne. En fonction de la localisation du gagnant, il pourra \u00eatre remis sur un des lieux de localisation de l\u2019entente Athl\u00e9 92&nbsp;: Clamart, Fontenay-aux-Roses, Nanterre, Le Plessis-Robinson ou Suresnes.&nbsp;<\/p>\n\n\n\n<p>Les gagnants devront pr\u00e9senter une pi\u00e8ce d&rsquo;identit\u00e9 valide lors de la remise du lot.<\/p>\n\n\n\n<p>La date limite de remise des lots est fix\u00e9e au 15 septembre 2024. Les personnes souhaitant r\u00e9cup\u00e9rer leur lot, qui ne se seront pas manifest\u00e9 avant cette date se verrons d\u00e9chue de leur droit, et perdrons la propri\u00e9t\u00e9 du bien. L\u2019Athl\u00e9 92 remettra en jeu les lots non r\u00e9clam\u00e9s lors d\u2019une prochaine op\u00e9ration.&nbsp;<\/p>\n\n\n\n<p><strong>Article 10 : Limitation de responsabilit\u00e9<\/strong>&nbsp;L\u2019entente Athl\u00e9 92 se r\u00e9serve le droit de modifier ou annuler l\u2019op\u00e9ration en raison de tout \u00e9v\u00e9nement sans que sa responsabilit\u00e9 soit engag\u00e9e. Dans ce cas, les participants se verront rembours\u00e9s du prix du bon de participation, sur pr\u00e9sentation de ce dernier.<\/p>\n\n\n\n<p><strong>Article 10 : Contestation et litiges<\/strong><\/p>\n\n\n\n<p>L\u2019organisation de la tombola de l\u2019Athl\u00e9 92 est soumis exclusivement \u00e0 la loi fran\u00e7aise et a fait l\u2019objet d\u2019une demande d\u2019autorisation.&nbsp;<\/p>\n\n\n\n<p>La participation \u00e0 cette tombola implique l\u2019acceptation pleine et enti\u00e8re de participant \u00e0 ce pr\u00e9sent r\u00e8glement.&nbsp;&nbsp;<\/p>\n\n\n\n<p>Toute contestation li\u00e9e \u00e0 cette tombola, devra se faire par manuscrit, dans un d\u00e9lai de 7 jours suivant la d\u00e9claration des gagnants \u00e0 M. Philippe TEDO, Pr\u00e9sident de l\u2019Entente Athl\u00e9 92, Maison des Sports, Place Jules Hunebelle, 92140 Clamart.&nbsp;<\/p>\n\n\n\n<p>Les lots ne peuvent donner lieu \u00e0 aucune contestation que ce soit de la part des participants. Le gagnant ne peut en aucun cas r\u00e9clamer le remplacement du gain, par un autre, ou exiger le remboursement de ce dernier.&nbsp;<\/p>\n\n\n\n<p><strong>Article9 : Utilisation des donn\u00e9es personnelles<\/strong>&nbsp;Les informations nominatives recueillies dans le cadre de la pr\u00e9sente tombola sont trait\u00e9es conform\u00e9ment \u00e0 la loi n\u00b0 78-17 du 6 janvier 1978, relative \u00e0 l&rsquo;informatique, aux fichiers et aux libert\u00e9s, et \u00e0 la directive europ\u00e9enne n\u00b0 95\/46 du 24 octobre 1995 relative \u00e0 la protection des personnes physiques \u00e0 l&rsquo;\u00e9gard du traitement des donn\u00e9es \u00e0 caract\u00e8re personnel et \u00e0 la libre circulation de ces donn\u00e9es, nous vous informons qu\u2019il sera constitu\u00e9\u0301 un fichiers des personnes qui auront particip\u00e9\u0301 \u00e0 la tombola, pour d\u00e9terminer le meilleur vendeur et le dot\u00e9, ce fichier sera supprim\u00e9\u0301 d\u00e9finitivement apr\u00e8s la Tombola.<br>Les participants sont inform\u00e9s que les donn\u00e9es nominatives les concernant, enregistr\u00e9es dans le cadre de cette tombola, sont n\u00e9cessaires \u00e0 la prise en compte de leur participation.<br>Les participants b\u00e9n\u00e9ficient aupr\u00e8s de l&rsquo;Organisateur, seul destinataire de ces informations, d&rsquo;un droit d&rsquo;acc\u00e8s, de rectification et d&rsquo;annulation des informations recueillies les concernant, ils apparaitront sur la liste des gagnants uniquement s\u2019ils gagnent un lot et seul leur Nom et Pr\u00e9nom seront communiqu\u00e9s.&nbsp;<\/p>\n\n\n\n<p>Fait \u00e0 Clamart, le 16 avril 2024\u00a0\u00a0Philippe Tedo, Pr\u00e9sident<\/p>\n\n\n\n<p><\/p>\n","protected":false},"excerpt":{"rendered":"<p>Pr\u00e9sentation Un enjeu important pour l\u2019Athl\u00e9 92 est la participation aux&nbsp;Championnats de France des Clubs [&hellip;]<\/p>\n","protected":false},"author":3,"featured_media":0,"parent":0,"menu_order":0,"comment_status":"closed","ping_status":"closed","template":"","meta":{"spay_email":"","footnotes":""},"class_list":["post-1046","page","type-page","status-publish","hentry"],"_links":{"self":[{"href":"https:\/\/athle92.fr\/index.php?rest_route=\/wp\/v2\/pages\/1046","targetHints":{"allow":["GET"]}}],"collection":[{"href":"https:\/\/athle92.fr\/index.php?rest_route=\/wp\/v2\/pages"}],"about":[{"href":"https:\/\/athle92.fr\/index.php?rest_route=\/wp\/v2\/types\/page"}],"author":[{"embeddable":true,"href":"https:\/\/athle92.fr\/index.php?rest_route=\/wp\/v2\/users\/3"}],"replies":[{"embeddable":true,"href":"https:\/\/athle92.fr\/index.php?rest_route=%2Fwp%2Fv2%2Fcomments&post=1046"}],"version-history":[{"count":9,"href":"https:\/\/athle92.fr\/index.php?rest_route=\/wp\/v2\/pages\/1046\/revisions"}],"predecessor-version":[{"id":1068,"href":"https:\/\/athle92.fr\/index.php?rest_route=\/wp\/v2\/pages\/1046\/revisions\/1068"}],"wp:attachment":[{"href":"https:\/\/athle92.fr\/index.php?rest_route=%2Fwp%2Fv2%2Fmedia&parent=1046"}],"curies":[{"name":"wp","href":"https:\/\/api.w.org\/{rel}","templated":true}]}}